se
Let c(p) = 2*p**2 + 8*p - 409. Is c(26) prime?
True
Let k = 9630 - 1411. Is k a prime number?
True
Suppose -4*d + 4*n = -0*n - 36, -5*d + 33 = -2*n. Let u be (-3)/(24/(-3847)) - d/(-40). Suppose -5*w = -6*w + u. Is w a composite number?
True
Suppose -3*c - 5370 = 3*v, c + 1794 = -3*v + 4*v. Let n = 2165 - c. Is n prime?
False
Suppose -4*q - 468 = 384. Suppose 5*j = 0, -k = k - 4*j - 4. Is 0 + (-2)/k*q a prime number?
False
Let r(h) = 12*h + 9. Let d be r(5). Suppose 3*g - d = -4*s, -3*s + g = -g - 73. Is 19053/s - 8/28 a composite number?
False
Let z be 4 - (-5 - 1)*(3 + 2). Let r(w) = -5 + 19*w**2 - 39*w**3 - 8*w + 9*w**2 + 11*w**2 - z*w**2. Is r(-3) composite?
False
Suppose -26*y - 4*y - 2*i = -2834058, 5*y - 5*i = 472375. Is y composite?
True
Is (-4)/(-6) + 706848560/240 a composite number?
False
Let q = 125 + -123. Suppose 4*w + 4*k - q*k = 5592, 2*w - k = 2792. Is w a prime number?
False
Let n(q) = -2*q + 887. Let b be n(0). Let h = b - 468. Is h prime?
True
Is (152/171)/8 + 880324/18 composite?
False
Let z be (-5)/(-40)*-2 - (-18)/8. Suppose b - z*y + 3444 = 4*b, -1148 = -b + y. Suppose -4*k + 7*k - 5*d - b = 0, 0 = 4*k + d - 1523. Is k a prime number?
False
Suppose -4*p = 3*p + 315. Let j be 2/((-54)/(-6987)) - 10/p. Let z = j - -28. Is z a composite number?
True
Let f(o) = -3*o**2 + o + 7. Let r be f(0). Suppose 5*s + 4500 = 3*y, -5*s + 8 = -r. Let d = 2274 - y. Is d prime?
True
Suppose 0 = -4*k + t + 3811, -27*k + 4767 = -22*k + 2*t. Is k a composite number?
False
Suppose 32993 = 5*x + c, 180*x - 176*x + 2*c - 26392 = 0. Is x a prime number?
True
Suppose 5*f = y + 24, y = -2*f + 6*y + 5. Let r = -505 - -765. Suppose -3*z + r = 3*k - 82, 0 = k + f*z - 118. Is k prime?
True
Let k = -88 - -124. Is -5 + 186/k - 2621/(-6) a prime number?
False
Let s(k) = k**3 + 114 + 7*k**2 + 54 - 8*k - 171. Suppose 0 = 2*w + 4*i, -w - 6 = -2*w - 5*i. Is s(w) composite?
True
Suppose -y + 579 = -2544. Let g = y + -478. Suppose 3*z - 905 = -2*u + g, 0 = -2*z - 8. Is u prime?
False
Suppose -6*a + 5*a + 348443 = m, 8*a + 3*m - 2787544 = 0. Is a a prime number?
True
Let g(t) = 20426*t**3 + 8*t**2 - 17*t + 35. Is g(2) prime?
False
Suppose 112*h = 11355318 - 6765125 + 36020895. Is h composite?
False
Let r = 269 - 129. Let q = 61 + r. Is q a composite number?
True
Suppose -13*z + 8*z - 3*m = -37, 0 = z - m - 1. Suppose 792 = q + 5*o, z*o + 3053 = 4*q + 2*o. Is q composite?
True
Let x = -67 - -40. Let w = x + 26. Is 746 - ((-1)/4 + w/(-4)) a prime number?
False
Let j(w) = -2*w. Let u be j(-1). Suppose -u*p - 1 - 1 = 0. Is p/(-7) - 1294/(-7) a composite number?
True
Let y(c) = c**3 - 3*c**2 + 3*c + 5. Let b be y(0). Suppose 0*u + u = -q + 5, 4*q - 12 = 4*u. Suppose -3*o - 9328 = -q*j - j, 2*o = -b*j + 9323. Is j prime?
False
Suppose 16 = 2*f + 18. Is 1*(-4 - f)*-11467 prime?
False
Let a = 25 + -38. Is ((-2410)/2)/(a + 12) a composite number?
True
Let n(t) = -3*t + 55. Let k be n(37). Let w = 79 + k. Is w prime?
True
Let o(q) = 179*q + 59. Let s(i) = 36875*i + 12154. Let w(u) = -413*o(u) + 2*s(u). Is w(-4) prime?
False
Suppose 0 = -5*o - 4*c + 117287, -46910 = 294*o - 296*o - 4*c. Is o a composite number?
False
Suppose 92586300 = -540*w + 600*w. Is w composite?
True
Let b = -4 - 2. Let j be ((-132)/286*-26)/((0 - 0) + -2). Is (j/9)/(b/1341) a prime number?
True
Suppose 47*c = 177*c - 17946890. Is c a prime number?
True
Let d = 3453 - 920. Is d a composite number?
True
Suppose 5*u - 4*u - 61 = 4*y, y + 5*u + 31 = 0. Is (-40)/y + (-4893)/(-6) composite?
True
Let i = -4434 - -19963. Is i a composite number?
True
Is (-137)/(-959) + 107084/14 composite?
False
Suppose 3*y - w - 877520 = 0, 82*w + 1170033 = 4*y + 87*w. Is y composite?
True
Suppose 0 = 90*m - 120*m + 4158870. Is m prime?
True
Let u(x) = 4*x**3 + 64*x**2 - 12*x + 53. Let r(t) = t**3 + 16*t**2 - 3*t + 13. Let k(c) = 9*r(c) - 2*u(c). Is k(10) prime?
False
Let c(h) = 8602*h**2 + 335*h + 2099. Is c(-6) a composite number?
True
Suppose 236*m - 265*m + 1077437 = 0. Is m a composite number?
True
Let g = 26094 + -13951. Is g a composite number?
False
Suppose 397 - 1217 = -5*v. Let b = 8 + v. Let u = b - -121. Is u prime?
True
Suppose 2527*w - 1068221 = 2520*w. Is w a prime number?
False
Suppose 55 = -5*s - 5*c, s + 2*c = 13 - 29. Is s/45 - (-221708)/60 prime?
False
Let j(z) = -2*z - 1. Let v be j(-2). Suppose 12*m - 42637 = 8*m + v*n, n - 10668 = -m. Is m a prime number?
True
Let s be 21/63 - (-5237)/3. Let h = -595 + s. Is h a composite number?
False
Suppose 0 = -4*d - 2*p + 92, 5*d - 2*p - 76 = 2*d. Let x = -5484 - -8439. Suppose -d*m = -27*m + x. Is m a composite number?
True
Let p(w) = -2*w**2 - 4*w + 4*w - w + 1 + 4*w. Let f be p(2). Is -1*((6 + -3)*f - 103) a composite number?
True
Let z(k) = -k**3 - 4*k**2 + 7*k + 14. Let o be z(-5). Suppose -3*j - 4*h = 588 - 6437, -2*h = o*j - 7782. Is j prime?
False
Is ((-1843264011)/(-436))/(-2*(-4)/(-32)*-3) a composite number?
False
Let s(t) be the first derivative of 181*t**4/4 - 2*t**3/3 - t**2/2 - 5*t + 30. Is s(3) a prime number?
True
Let b be (0 - 932)/((-3)/(-6)). Let c be 171/(-1710) - 54658/20. Let t = b - c. Is t a composite number?
True
Let n be ((96/9)/4)/((-2)/3). Is ((-1497)/n)/(216/1440) a composite number?
True
Let i be 2/1*(-55)/(-10). Suppose q + 5*r - 98 = 0, -4*q - i*r + 449 = -10*r. Is q a prime number?
True
Let q be 2/8 + 35/20 + 1. Suppose -b - q = 2*b, 2*b + 237 = 5*g. Suppose 1028 = -43*t + g*t. Is t prime?
True
Let f = 102 - 70. Suppose 3*k = -13*k + f. Let a(p) = 1037*p + 25. Is a(k) a composite number?
False
Suppose -3*i + 2*n - 8 = 0, 5*i - 17 = -5*n + 3. Suppose 4*v - 5*t + 25 = i, 0 = -3*v - 2*v - 4*t - 21. Is 1/((v/3845)/(-1)) a prime number?
True
Suppose -3*l + 7 = -u, 0*u = -u + 2*l - 4. Suppose -d - 4*w + 17 = 0, 2*d - u*w - 4 = -0*w. Suppose 2358 = -0*v + 2*v - 5*x, 0 = -3*v - d*x + 3512. Is v prime?
False
Let l = 32290 - 22250. Let g = l + -5863. Is g prime?
True
Suppose 5594 = 8*f - 19046. Let y = f - -7241. Is y a composite number?
False
Let n = -212244 - -1312145. Is n prime?
False
Let j(g) = 8*g**2 + 9*g - 51. Let p(u) = -7*u**2 - 10*u + 52. Let a(o) = -4*j(o) - 5*p(o). Is a(41) a composite number?
True
Suppose 7*r + 30 = 10*r. Suppose r*b - 22131 = b. Is b a composite number?
False
Let h = 1820 - 1226. Let v = 1103 - h. Is v a composite number?
False
Is (-5134518)/(-30)*(-170)/(-102) a prime number?
True
Let i = 1981 - -1580. Let g = -1951 + i. Suppose -3*v + 5*r = -g - 1957, 1189 = v - 2*r. Is v a composite number?
True
Suppose -11116613 = -82*m - 3580075. Is m prime?
True
Let u(t) = 479*t - 19. Suppose 0 = -2*m + v + 11, 5*m + 0*v + 2*v = 50. Suppose 0 = -3*c + c + m. Is u(c) prime?
False
Let z(n) = -n - 11. Let k be z(-15). Suppose 4*r - 9847 = 3*h, -4*h = -8*r + k*r + 9848. Is r a composite number?
True
Is (85 + (7 - 5))*(-130374)/(-54) a prime number?
False
Suppose -2*i + 3*i = 104. Suppose -10*u = -12*u + i. Suppose 48*y + 1772 = u*y. Is y a prime number?
True
Suppose -69439 = -96*l + 333857. Is l composite?
False
Let c = 5105 + -1582. Suppose 3*o - 5*s - 2099 = 0, 0 = -5*o - 2*s - 2*s + c. Is o composite?
True
Suppose 19188 - 6310 = 2*n. Suppose 20210 + n = 3*h - 3*f, 0 = 3*f - 6. Is h prime?
False
Suppose -3*x = 187 - 4282. Suppose 695 + x = h. Let k = h + -819. Is k prime?
False
Suppose 3*w + 3062 = z + 853, 2*z = 3*w + 4430. Is z prime?
True
Let w = 1845 - -29332. Is w a prime number?
True
Suppose -16 = -8*h + 40. Suppose 5*d + q - 7353 = 0, -q - h = -5. Is d prime?
True
Suppose -58*l = 6*l + 10*l - 6562246. Is l composite?
True
Let a(m) = -4881*m - 1027. Is a(-4) composite?
True
Let l(f) = 1252*f**2 + 27*f + 9. Is l(-14) prime?
True
Suppose 0 = -35*p + 20*p + 1442865. Is p a composite number?
True
Let k be -6 - (-54)/6 - -740. Let m = k + 968. Is m composite?
True
Let a = 228 - 40. Is (178271/a)/((-1)/(-4)) composite?
False
Suppose 0 = r + 5*i - 15 + 8, 2*i = 0. Let k(d) = -96*d**3 + 8*d**2 + 7*d + 8. Let t be k(-6). Suppose t = -r*b + 17*b. Is b prime?
True
Let s = -27558 + 203597. Is s composite?
True
Let j(d) be the first derivative of 2181*d**2/2 + 8*d + 99. Is j(1) prime?
False
Let c(r) = 18447*r + 1664. Is c(9) composite?
True
Suppose -5*v = v - 18. Let t be 6*(v + -1 + -3). Let o(y) = 42*y**2 + 4*y + 9. I